{"id":255,"date":"2018-04-01T10:42:40","date_gmt":"2018-04-01T10:42:40","guid":{"rendered":"http:\/\/tinawhairstyle.de\/?page_id=255"},"modified":"2024-10-08T05:12:22","modified_gmt":"2024-10-08T05:12:22","slug":"zahlungsmoeglichkeiten","status":"publish","type":"page","link":"https:\/\/tinawhairstyle.de\/?page_id=255","title":{"rendered":"Zahlungsm\u00f6glichkeiten"},"content":{"rendered":"<p>[et_pb_section admin_label=&#8220;section&#8220;]<br \/>\n\t\t\t[et_pb_row admin_label=&#8220;row&#8220;]<br \/>\n\t\t\t\t[et_pb_column type=&#8220;4_4&#8243;][et_pb_text admin_label=&#8220;Text&#8220;]<img loading=\"lazy\" decoding=\"async\" class=\"alignnone size-medium wp-image-257\" src=\"https:\/\/tinawhairstyle.de\/wp-content\/uploads\/2018\/04\/SumUp_2-300x178.jpg\" alt=\"\" width=\"300\" height=\"178\" srcset=\"https:\/\/tinawhairstyle.de\/wp-content\/uploads\/2018\/04\/SumUp_2-300x178.jpg 300w, https:\/\/tinawhairstyle.de\/wp-content\/uploads\/2018\/04\/SumUp_2-768x456.jpg 768w, https:\/\/tinawhairstyle.de\/wp-content\/uploads\/2018\/04\/SumUp_2-1024x609.jpg 1024w\" sizes=\"(max-width: 300px) 100vw, 300px\" \/> <img loading=\"lazy\" decoding=\"async\" class=\"alignnone size-medium wp-image-258\" src=\"https:\/\/tinawhairstyle.de\/wp-content\/uploads\/2018\/04\/Zahlungsarten-300x46.png\" alt=\"\" width=\"300\" height=\"46\" srcset=\"https:\/\/tinawhairstyle.de\/wp-content\/uploads\/2018\/04\/Zahlungsarten-300x46.png 300w, https:\/\/tinawhairstyle.de\/wp-content\/uploads\/2018\/04\/Zahlungsarten.png 479w\" sizes=\"(max-width: 300px) 100vw, 300px\" \/><\/p>\n<h3><em>Kein Bargeld dabei ?<\/em><\/h3>\n<p>Kein Problem, ab sofort bieten wir unseren Kunden die M\u00f6glichkeit, auf viele verschiedenen Wegen zu bezahlen.<\/p>\n<table>\n<tbody>\n<tr>\n<td>\n<h3>Per EC-Karte<\/h3>\n<p>Sie haben Ihre EC-Karte dabei ?<br \/>\nSie ben\u00f6tigen nur noch Ihre Geheimzahl, wenn Sie die Symbole von Maestro oder VPay auf Ihrer EC-Karte vorfinden.<\/td>\n<td><img loading=\"lazy\" decoding=\"async\" class=\"size-full wp-image-260 aligncenter\" src=\"https:\/\/tinawhairstyle.de\/wp-content\/uploads\/2018\/04\/ms_vrt_opt_pos_73_3x.png\" alt=\"\" width=\"219\" height=\"183\" \/><\/p>\n<p style=\"text-align: center;\"><img loading=\"lazy\" decoding=\"async\" class=\"alignnone wp-image-262\" src=\"https:\/\/tinawhairstyle.de\/wp-content\/uploads\/2018\/04\/vpay28-31979-277x300.png\" alt=\"\" width=\"124\" height=\"134\" srcset=\"https:\/\/tinawhairstyle.de\/wp-content\/uploads\/2018\/04\/vpay28-31979-277x300.png 277w, https:\/\/tinawhairstyle.de\/wp-content\/uploads\/2018\/04\/vpay28-31979.png 300w\" sizes=\"(max-width: 124px) 100vw, 124px\" \/><\/p>\n<\/td>\n<\/tr>\n<tr>\n<td>\n<h3>Per Kreditkarte<\/h3>\n<p>Sie haben Ihre Kreditkarte dabei?<br \/>\nWir akzeptieren Karten von<\/p>\n<p style=\"padding-left: 30px;\">&#8211; VISA<br \/>\n&#8211; MasterCard<br \/>\n&#8211; AmericanExpress<\/p>\n<\/td>\n<td><img loading=\"lazy\" decoding=\"async\" class=\"size-medium wp-image-259 aligncenter\" src=\"https:\/\/tinawhairstyle.de\/wp-content\/uploads\/2018\/04\/mcvsax_acc_opt_hrz_144_3x-300x73.png\" alt=\"\" width=\"300\" height=\"73\" srcset=\"https:\/\/tinawhairstyle.de\/wp-content\/uploads\/2018\/04\/mcvsax_acc_opt_hrz_144_3x-300x73.png 300w, https:\/\/tinawhairstyle.de\/wp-content\/uploads\/2018\/04\/mcvsax_acc_opt_hrz_144_3x.png 434w\" sizes=\"(max-width: 300px) 100vw, 300px\" \/><\/td>\n<\/tr>\n<tr>\n<td>\n<h3>Kontaktloses Zahlen<\/h3>\n<p>Ist Ihre EC- oder Kredit-Karte auf das kontaktlose Bezahlen mittels NFC-Technologie vorbereitet?<br \/>\nDies ist i.d.R. der Fall, wenn Sie das Funksymbol wie nebenstehend abgebildet auf Ihrer Karte finden.<br \/>\nDann k\u00f6nnen Sie bequem zahlen, indem Sie die Karte vor das Zahlkartenterminal halten.<br \/>\nJe nach Zahlungsprovider ist f\u00fcr das Zahlen von Betr\u00e4gen bis 25\u20ac keinerlei Eingabe von PIN oder Abgabe der Unterschrift notwendig.<br \/>\nBequemer &amp; schneller geht es nicht !<\/td>\n<td>\u00a0<img loading=\"lazy\" decoding=\"async\" class=\"alignnone size-full wp-image-263\" src=\"https:\/\/tinawhairstyle.de\/wp-content\/uploads\/2018\/04\/images.png\" alt=\"\" width=\"116\" height=\"125\" \/><\/td>\n<\/tr>\n<tr>\n<td>\n<h3>Zahlen Sie mit Ihrem Handy<\/h3>\n<p>Portmonnaie vergessen aber Handy dabei?<br \/>\nDann nutzen Sie die M\u00f6glichkeiten von<\/p>\n<p style=\"padding-left: 30px;\">&#8211; Apple Pay<br \/>\n&#8211; Android Pay<\/p>\n<p>Beide Zahlungsm\u00f6glichkeiten setzen eine entsprechende Registrierung beim jeweiligen Anbieter voraus.<br \/>\nZur Zeit (Stand 04.2018) sind beide Zahlungsweisen in Deutschland noch nicht verf\u00fcgbar.<\/td>\n<td>\u00a0<img loading=\"lazy\" decoding=\"async\" class=\"alignnone size-medium wp-image-271\" src=\"https:\/\/tinawhairstyle.de\/wp-content\/uploads\/2018\/04\/Apple_Pay_Payment_Mark.png\" alt=\"\" width=\"166\" height=\"106\" \/><img loading=\"lazy\" decoding=\"async\" class=\"alignnone size-full wp-image-270\" style=\"font-family: inherit; font-size: inherit;\" src=\"https:\/\/tinawhairstyle.de\/wp-content\/uploads\/2018\/04\/Android_Pay_logo.svg_.png\" alt=\"\" width=\"300\" height=\"300\" srcset=\"https:\/\/tinawhairstyle.de\/wp-content\/uploads\/2018\/04\/Android_Pay_logo.svg_.png 300w, https:\/\/tinawhairstyle.de\/wp-content\/uploads\/2018\/04\/Android_Pay_logo.svg_-150x150.png 150w, https:\/\/tinawhairstyle.de\/wp-content\/uploads\/2018\/04\/Android_Pay_logo.svg_-100x100.png 100w\" sizes=\"(max-width: 300px) 100vw, 300px\" \/><span style=\"font-family: inherit; font-size: inherit;\">\u00a0<\/span><\/td>\n<\/tr>\n<tr>\n<td><\/td>\n<td><\/td>\n<\/tr>\n<tr>\n<td>\n<h3>Neueste Technologie &#8211; innovativ &amp; sicher<\/h3>\n<p>Ihre Zahlung wird von unserem Dienstleister SumUp abgewickelt. SumUp steht f\u00fcr sichere Zahlungstechnik ebenso wie f\u00fcr innovative Zahlungsm\u00f6glichkeiten.<\/td>\n<td><img loading=\"lazy\" decoding=\"async\" class=\"alignnone size-medium wp-image-267\" src=\"https:\/\/tinawhairstyle.de\/wp-content\/uploads\/2018\/04\/logo-sumup-RGB-300x117.png\" alt=\"\" width=\"300\" height=\"117\" srcset=\"https:\/\/tinawhairstyle.de\/wp-content\/uploads\/2018\/04\/logo-sumup-RGB-300x117.png 300w, https:\/\/tinawhairstyle.de\/wp-content\/uploads\/2018\/04\/logo-sumup-RGB-768x300.png 768w, https:\/\/tinawhairstyle.de\/wp-content\/uploads\/2018\/04\/logo-sumup-RGB-1024x399.png 1024w, https:\/\/tinawhairstyle.de\/wp-content\/uploads\/2018\/04\/logo-sumup-RGB.png 1692w\" sizes=\"(max-width: 300px) 100vw, 300px\" \/><\/td>\n<\/tr>\n<tr>\n<td>Mit dem per Bluetooth-Technologie an das Kassenterminal angebundenen Zahlungsterminal wird die Zahlung entweder durch Einstecken der Karte oder durch Vorhalten der NFC-f\u00e4higen Karte und abschlie\u00dfender Eingabe der PIN durchgef\u00fchrt.<\/td>\n<td><img loading=\"lazy\" decoding=\"async\" class=\"alignnone size-medium wp-image-265\" src=\"https:\/\/tinawhairstyle.de\/wp-content\/uploads\/2018\/04\/SumUp_4-300x200.jpg\" alt=\"\" width=\"300\" height=\"200\" srcset=\"https:\/\/tinawhairstyle.de\/wp-content\/uploads\/2018\/04\/SumUp_4-300x200.jpg 300w, https:\/\/tinawhairstyle.de\/wp-content\/uploads\/2018\/04\/SumUp_4-768x512.jpg 768w, https:\/\/tinawhairstyle.de\/wp-content\/uploads\/2018\/04\/SumUp_4-1024x683.jpg 1024w\" sizes=\"(max-width: 300px) 100vw, 300px\" \/> <img loading=\"lazy\" decoding=\"async\" class=\"alignnone size-medium wp-image-266\" src=\"https:\/\/tinawhairstyle.de\/wp-content\/uploads\/2018\/04\/SumUp_5-300x200.jpg\" alt=\"\" width=\"300\" height=\"200\" srcset=\"https:\/\/tinawhairstyle.de\/wp-content\/uploads\/2018\/04\/SumUp_5-300x200.jpg 300w, https:\/\/tinawhairstyle.de\/wp-content\/uploads\/2018\/04\/SumUp_5-768x512.jpg 768w, https:\/\/tinawhairstyle.de\/wp-content\/uploads\/2018\/04\/SumUp_5-1024x683.jpg 1024w\" sizes=\"(max-width: 300px) 100vw, 300px\" \/><\/td>\n<\/tr>\n<\/tbody>\n<\/table>\n<p>[\/et_pb_text][\/et_pb_column]<br \/>\n\t\t\t[\/et_pb_row]<br \/>\n\t\t[\/et_pb_section]<\/p>\n","protected":false},"excerpt":{"rendered":"<p>Kein Bargeld dabei ? Kein Problem, ab sofort bieten wir unseren Kunden die M\u00f6glichkeit, auf viele verschiedenen Wegen zu bezahlen. Per EC-Karte Sie haben Ihre EC-Karte dabei ? Sie ben\u00f6tigen nur noch Ihre Geheimzahl, wenn Sie die Symbole von Maestro oder VPay auf Ihrer EC-Karte vorfinden. Per Kreditkarte Sie haben Ihre Kreditkarte dabei? Wir akzeptieren [&hellip;]<\/p>\n","protected":false},"author":1,"featured_media":0,"parent":0,"menu_order":0,"comment_status":"closed","ping_status":"closed","template":"","meta":{"_et_pb_use_builder":"on","_et_pb_old_content":"<img class=\"alignnone size-medium wp-image-257\" src=\"http:\/\/tinawhairstyle.de\/wp-content\/uploads\/2018\/04\/SumUp_2-300x178.jpg\" alt=\"\" width=\"300\" height=\"178\" \/> <img class=\"alignnone size-medium wp-image-258\" src=\"http:\/\/tinawhairstyle.de\/wp-content\/uploads\/2018\/04\/Zahlungsarten-300x46.png\" alt=\"\" width=\"300\" height=\"46\" \/>\r\n<h3><em>Kein Bargeld dabei ?<\/em><\/h3>\r\nKein Problem, ab sofort bieten wir unseren Kunden die M\u00f6glichkeit, auf viele verschiedenen Wegen zu bezahlen.\r\n<table>\r\n<tbody>\r\n<tr>\r\n<td>\r\n<h3>Per EC-Karte<\/h3>\r\nSie haben Ihre EC-Karte dabei ?\r\nSie ben\u00f6tigen nur noch Ihre Geheimzahl, wenn Sie die Symbole von Maestro oder VPay auf Ihrer EC-Karte vorfinden.<\/td>\r\n<td><img class=\"size-full wp-image-260 aligncenter\" src=\"http:\/\/tinawhairstyle.de\/wp-content\/uploads\/2018\/04\/ms_vrt_opt_pos_73_3x.png\" alt=\"\" width=\"219\" height=\"183\" \/>\r\n<p style=\"text-align: center;\"><img class=\"alignnone wp-image-262\" src=\"http:\/\/tinawhairstyle.de\/wp-content\/uploads\/2018\/04\/vpay28-31979-277x300.png\" alt=\"\" width=\"124\" height=\"134\" \/><\/p>\r\n<\/td>\r\n<\/tr>\r\n<tr>\r\n<td>\r\n<h3>Per Kreditkarte<\/h3>\r\nSie haben Ihre Kreditkarte dabei?\r\nWir akzeptieren Karten von\r\n<p style=\"padding-left: 30px;\">- VISA\r\n- MasterCard\r\n- AmericanExpress<\/p>\r\n<\/td>\r\n<td><img class=\"size-medium wp-image-259 aligncenter\" src=\"http:\/\/tinawhairstyle.de\/wp-content\/uploads\/2018\/04\/mcvsax_acc_opt_hrz_144_3x-300x73.png\" alt=\"\" width=\"300\" height=\"73\" \/><\/td>\r\n<\/tr>\r\n<tr>\r\n<td>\r\n<h3>Kontaktloses Zahlen<\/h3>\r\nIst Ihre EC- oder Kredit-Karte auf das kontaktlose Bezahlen mittels NFC-Technologie vorbereitet?\r\nDies ist i.d.R. der Fall, wenn Sie das Funksymbol wie nebenstehend abgebildet auf Ihrer Karte finden.\r\nDann k\u00f6nnen Sie bequem zahlen, indem Sie die Karte vor das Zahlkartenterminal halten.\r\nJe nach Zahlungsprovider ist f\u00fcr das Zahlen von Betr\u00e4gen bis 25\u20ac keinerlei Eingabe von PIN oder Abgabe der Unterschrift notwendig.\r\nBequemer &amp; schneller geht es nicht !<\/td>\r\n<td>\u00a0<img class=\"alignnone size-full wp-image-263\" src=\"http:\/\/tinawhairstyle.de\/wp-content\/uploads\/2018\/04\/images.png\" alt=\"\" width=\"116\" height=\"125\" \/><\/td>\r\n<\/tr>\r\n<tr>\r\n<td>\r\n<h3>Zahlen Sie mit Ihrem Handy<\/h3>\r\nPortmonnaie vergessen aber Handy dabei?\r\nDann nutzen Sie die M\u00f6glichkeiten von\r\n<p style=\"padding-left: 30px;\">- Apple Pay\r\n- Android Pay<\/p>\r\nBeide Zahlungsm\u00f6glichkeiten setzen eine entsprechende Registrierung beim jeweiligen Anbieter voraus.\r\nZur Zeit (Stand 04.2018) sind beide Zahlungsweisen in Deutschland noch nicht verf\u00fcgbar.<\/td>\r\n<td>\u00a0<img class=\"alignnone size-medium wp-image-271\" src=\"http:\/\/tinawhairstyle.de\/wp-content\/uploads\/2018\/04\/Apple_Pay_Payment_Mark.png\" alt=\"\" width=\"166\" height=\"106\" \/><img class=\"alignnone size-full wp-image-270\" style=\"font-family: inherit; font-size: inherit;\" src=\"http:\/\/tinawhairstyle.de\/wp-content\/uploads\/2018\/04\/Android_Pay_logo.svg_.png\" alt=\"\" width=\"300\" height=\"300\" \/><span style=\"font-family: inherit; font-size: inherit;\">\u00a0<\/span><\/td>\r\n<\/tr>\r\n<tr>\r\n<td><\/td>\r\n<td><\/td>\r\n<\/tr>\r\n<tr>\r\n<td>\r\n<h3>Neueste Technologie - innovativ &amp; sicher<\/h3>\r\nIhre Zahlung wird von unserem Dienstleister SumUp abgewickelt. SumUp steht f\u00fcr sichere Zahlungstechnik ebenso wie f\u00fcr innovative Zahlungsm\u00f6glichkeiten.<\/td>\r\n<td><img class=\"alignnone size-medium wp-image-267\" src=\"http:\/\/tinawhairstyle.de\/wp-content\/uploads\/2018\/04\/logo-sumup-RGB-300x117.png\" alt=\"\" width=\"300\" height=\"117\" \/><\/td>\r\n<\/tr>\r\n<tr>\r\n<td>Mit dem per Bluetooth-Technologie an das Kassenterminal angebundenen Zahlungsterminal wird die Zahlung entweder durch Einstecken der Karte oder durch Vorhalten der NFC-f\u00e4higen Karte und abschlie\u00dfender Eingabe der PIN durchgef\u00fchrt.<\/td>\r\n<td><img class=\"alignnone size-medium wp-image-265\" src=\"http:\/\/tinawhairstyle.de\/wp-content\/uploads\/2018\/04\/SumUp_4-300x200.jpg\" alt=\"\" width=\"300\" height=\"200\" \/> <img class=\"alignnone size-medium wp-image-266\" src=\"http:\/\/tinawhairstyle.de\/wp-content\/uploads\/2018\/04\/SumUp_5-300x200.jpg\" alt=\"\" width=\"300\" height=\"200\" \/><\/td>\r\n<\/tr>\r\n<\/tbody>\r\n<\/table>","_et_gb_content_width":"","_FSMCFIC_featured_image_caption":"","_FSMCFIC_featured_image_nocaption":"1","_FSMCFIC_featured_image_hide":null,"footnotes":""},"class_list":["post-255","page","type-page","status-publish","hentry"],"_links":{"self":[{"href":"https:\/\/tinawhairstyle.de\/index.php?rest_route=\/wp\/v2\/pages\/255","targetHints":{"allow":["GET"]}}],"collection":[{"href":"https:\/\/tinawhairstyle.de\/index.php?rest_route=\/wp\/v2\/pages"}],"about":[{"href":"https:\/\/tinawhairstyle.de\/index.php?rest_route=\/wp\/v2\/types\/page"}],"author":[{"embeddable":true,"href":"https:\/\/tinawhairstyle.de\/index.php?rest_route=\/wp\/v2\/users\/1"}],"replies":[{"embeddable":true,"href":"https:\/\/tinawhairstyle.de\/index.php?rest_route=%2Fwp%2Fv2%2Fcomments&post=255"}],"version-history":[{"count":2,"href":"https:\/\/tinawhairstyle.de\/index.php?rest_route=\/wp\/v2\/pages\/255\/revisions"}],"predecessor-version":[{"id":1022,"href":"https:\/\/tinawhairstyle.de\/index.php?rest_route=\/wp\/v2\/pages\/255\/revisions\/1022"}],"wp:attachment":[{"href":"https:\/\/tinawhairstyle.de\/index.php?rest_route=%2Fwp%2Fv2%2Fmedia&parent=255"}],"curies":[{"name":"wp","href":"https:\/\/api.w.org\/{rel}","templated":true}]}}